{"id":13,"date":"2025-02-04T12:51:23","date_gmt":"2025-02-04T12:51:23","guid":{"rendered":"https:\/\/staging.psyconfidens.nl\/?page_id=13"},"modified":"2025-06-24T18:30:07","modified_gmt":"2025-06-24T18:30:07","slug":"13-2","status":"publish","type":"page","link":"https:\/\/psyconfidens.nl\/?page_id=13","title":{"rendered":"Algemeen"},"content":{"rendered":"\t\t<div data-elementor-type=\"wp-page\" data-elementor-id=\"13\" class=\"elementor elementor-13\">\n\t\t\t\t<div class=\"elementor-element elementor-element-31c661ea e-flex e-con-boxed e-con e-parent\" data-id=\"31c661ea\" data-element_type=\"container\">\n\t\t\t\t\t<div class=\"e-con-inner\">\n\t\t\t\t<div class=\"elementor-element elementor-element-76c6c9fe elementor-widget elementor-widget-text-editor\" data-id=\"76c6c9fe\" data-element_type=\"widget\" data-widget_type=\"text-editor.default\">\n\t\t\t\t<div class=\"elementor-widget-container\">\n\t\t\t\t\t\t\t\t\t<div class=\"wp-block-essential-blocks-text root-eb-text-5fpij\">\n<div class=\"eb-parent-wrapper eb-parent-eb-text-5fpij \">\n<div class=\"eb-text-wrapper eb-text-5fpij\" data-id=\"eb-text-5fpij\">\n<h2><strong>Mijn Opleidingen<\/strong><\/h2>\n<p>Bachelor Psychologie\u00a0\u00a0\u00a0\u00a0\u00a0\u00a0\u00a0&#8211;\u00a0\u00a0\u00a0\u00a0\u00a0Katholieke Universiteit Brabant<\/p>\n<p>Master GZ psychologie\u00a0\u00a0\u00a0\u00a0&#8211;\u00a0\u00a0\u00a0\u00a0 RINO Group<\/p>\n<p>EMDR\u00a0 \u00a0 \u00a0 \u00a0 \u00a0 \u00a0 \u00a0 \u00a0 \u00a0 \u00a0 \u00a0 \u00a0 \u00a0 \u00a0 \u00a0 \u00a0 \u00a0 \u00a0&#8211;\u00a0\u00a0\u00a0\u00a0\u00a0ACT-EMDR Centrum Nederland<\/p>\n<\/div>\n<\/div>\n<\/div>\n<p><!-- \/wp:quote --><!-- wp:heading --><\/p>\n<div class=\"wp-block-essential-blocks-text root-eb-text-rnppb\">\n<div class=\"eb-parent-wrapper eb-parent-eb-text-rnppb \">\n<div class=\"eb-text-wrapper eb-text-rnppb\" data-id=\"eb-text-rnppb\">\n<h2 id=\"mijnregistraties\"><strong>Mijn Registraties<\/strong><\/h2>\n<p>Registerpsycholoog NIP<\/p>\n<p>Eerstelijnspsychologie NIP<\/p>\n<p>BIG-register<\/p>\n<p>Aangesloten bij Psyzorg Hoflanden<\/p>\n<h2 id=\"kwaliteitsstatuut\"><strong>Kwaliteitsstatuut<\/strong><\/h2>\n<p>Hier kunt u een kopie downloaden van het kwaliteitsstatuut.<\/p>\n<p><span style=\"text-decoration: underline;\"><a href=\"https:\/\/psyconfidens.nl\/wp-content\/uploads\/2025\/06\/kwaliteitsstatuut-4.0.pdf\">Download kwaliteitsstatuut<\/a><\/span><\/p>\n<h2 id=\"zorg\"><strong>Zorg<\/strong><\/h2>\n<p>Volwassenen en jongvolwassenen met onderstaande problematiek en hulpvragen kunnen bij mij terecht:<\/p>\n<ul>\n<li>Angst -paniek- en stemmingsklachten (licht tot matige depressie).<\/li>\n<li>Posttraumatische stressklachten.<\/li>\n<li>Ondersteuning van mensen die kinderen of familieleden hebben met ontwikkelingsproblemen, psychiatrische problemen en opvoedingsproblemen.<\/li>\n<\/ul>\n<p>In het algemeen duurt een behandelsessie drie kwartier tot een uur. Ik span mij in om cli\u00ebnten te zien op de tijd die is afgesproken.<\/p>\n<h2 id=\"hoewerkik\"><strong>Hoe werk ik?<\/strong><\/h2>\n<p>Naast de kennismaking, wordt tijdens het eerste gesprek de hulpvraag in kaart gebracht. Ik doe mijn best om degenen te helpen voor wie ik iets te bieden heb.<\/p>\n<p>In geval van chronische en complexe psychiatrische problemen (zoals Schizofrenie, bipolaire stoornissen en bepaalde persoonlijkheidsstoornissen en ernstige depressie met psychotische kenmerken, waarbij crisisgevoeligheid en su\u00efcidegevaar groot is) ben ik terughoudend. In gevallen waarbij mijn aanbod niet toereikend is, verwijs ik cli\u00ebnten via de huisarts door naar gespecialiseerde zorg, namelijk de reguliere GGZ-instellingen.<\/p>\n<p>Ik ben bovendien van mening dat u voor hetzelfde probleem\u00a0<strong>niet<\/strong>\u00a0tegelijkertijd bij\u00a0<strong>meerdere<\/strong>\u00a0<strong>hulpverleners<\/strong>\u00a0in behandeling moet zijn. Mocht u tegelijkertijd elders in behandeling zijn of voornemens hebben om dat te doen, vraag ik u dat met mij te bespreken.<\/p>\n<h2 id=\"zorgdomeininformatievoordehuisarts\"><strong>Zorgdomein (Informatie voor de huisarts)<\/strong><\/h2>\n<p>U kunt via\u00a0<span style=\"text-decoration: underline;\"><a href=\"https:\/\/zorgdomein.com\/\">Zorgdomein<\/a><\/span>\u00a0digitaal verwijzen naar Psyconfidens. U vindt mijn zorgaanbod in\u00a0<span style=\"text-decoration: underline;\"><a href=\"https:\/\/zorgdomein.com\/\">Zorgdomein<\/a><\/span>\u00a0terug onder het kopje Geestelijke Gezondheidszorg.<\/p>\n<h2 id=\"be\u00ebindigingvanhetcontact\"><strong>Be\u00ebindiging van het contact<\/strong><\/h2>\n<p>Afhankelijk van het beloop van de behandeling, bepaalt u wanneer u voldoende gesprekken heeft gehad. Mocht ik zelf dat idee krijgen dan zal ik dat met u bespreken. Een behandeling kan qua contac\u00adten vari\u00ebren; soms volstaat \u00e9\u00e9n en een andere keer meerdere gesprekken.<\/p>\n<h2 id=\"afsprakenannuleren\"><strong>Afspraken annuleren<\/strong><\/h2>\n<p>Voor de afspraken die niet minimaal 24 uur van te voren worden afgezegd, wordt er \u20ac 50,- in rekening gebracht. Als u verhinderd bent, kunt u dit telefonisch of via de mail doorgeven. Wanneer u uw afspraak te laat afbelt of zonder bericht wegblijft dan geld de afspraak als doorgegaan en worden de kosten apart bij u verhaald.<\/p>\n<h2 id=\"aanmelden\"><strong>Aanmelden<\/strong><\/h2>\n<p>U kunt zich zowel telefonisch als schriftelijk via het contactformulier aanmelden. De actuele wachttijd om de eerste intake afspraak in te plannen is 20 weken. U heeft een verwijsbrief nodig van de huisarts.<\/p>\n<h2 id=\"kosten\"><strong>Zorgverzekeraars<\/strong><\/h2>\n<p>Ik heb een zorgovereenkomst met de volgende zorgverzekeraars:<\/p>\n<ul>\n<li>ONVZ Ziektekostenverzekeraar<\/li>\n<li>Zilveren Kruis<\/li>\n<li>OWM Zorgverzekeraar Zorg en Zekerheid UA<\/li>\n<li>Centrale Verwerkingseenheid CZ: CZ, OHRA en Nationale Nederlanden<\/li>\n<li>Salland Zorgverzekeraar N.V.<\/li>\n<li>Caresq<\/li>\n<li>Co\u00f6peratie VGZ<\/li>\n<li>Menzis Zorgverzekeraar N.V.<\/li>\n<li>ASR Ziektekostenverzekeringen<\/li>\n<\/ul>\n<h2 id=\"kosten\"><strong>Kosten<\/strong><\/h2>\n<p>Eerstelijns psychologische zorg wordt vergoed vanuit de basisverzekering met een verplicht eigen risico van 385 euro.<\/p>\n<h2 id=\"eigenrisico\"><strong>Eigen risico<\/strong><\/h2>\n<p>Voor iedereen geldt ook een verplicht eigen risico in de zorgverzekering. Dit betekent dat u elk jaar een door de overheid te bepalen maximaal bedrag per persoon zelf moet betalen voor zorg die in het basispakket zit. Voor 2025 is dat \u20ac 385,- per persoon. Sommige mensen kiezen ook voor hogere eigen risico om maandelijks lagere premie te betalen.<\/p>\n<h2 id=\"zelfbetalen\"><strong>Zelf betalen<\/strong><\/h2>\n<p>Een verwijsbrief is dan niet nodig om je aan te melden. Wanneer u de sessies zelf betaalt hanteer ik een variabel tarief.<\/p>\n<h2 id=\"klachtenoverpsycholoog\"><strong>Klachten over psycholoog<\/strong><\/h2>\n<p>Ik werk volgens de beroepsethische regels van het Nederlands Instituut van Psychologen (NIP). Het NIP heeft een beroepscode opgesteld. In deze beroepscode staan de eisen, richtlijnen en gedragsregels waar het werk van een behandelend psycholoog aan moet voldoen. Deze zijn gebaseerd op principes van onder andere verantwoordelijkheid, integriteit, respect en deskundigheid. Psychologen die lid zijn van het NIP moeten zich altijd aan deze beroepscode houden. Ik ben aangesloten bij de <a href=\"https:\/\/psyconfidens.nl\/wp-content\/uploads\/2025\/02\/Klachten-en-geschillenreglement-Wkkgz-NIP2023.docx\"><u>klachten- en geschillenregeling psychologische zorg Wkkgz<\/u>,<\/a> opgezet vanuit NIP.\u00a0<\/p>\n<p>Uw klacht kunt u schriftelijk indienen bij het\u00a0<span class=\"TextRun Highlight Underlined SCXW197167221 BCX8\" lang=\"NL-NL\" xml:lang=\"NL-NL\" data-contrast=\"none\">Centraal Bureau Klachtenmanagement in de Zorg (CBKZ)<\/span>\u00a0via\u00a0<a class=\"Hyperlink SCXW101405453 BCX8\" href=\"mailto:klachten@cbkz.nl\" target=\"_blank\" rel=\"noreferrer noopener\"><span class=\"TextRun Highlight Underlined SCXW101405453 BCX8\" lang=\"NL-NL\" xml:lang=\"NL-NL\" data-contrast=\"none\">klachten@cbkz.nl<\/span><\/a><span class=\"TextRun Highlight SCXW101405453 BCX8\" lang=\"NL-NL\" xml:lang=\"NL-NL\" data-contrast=\"auto\"><span class=\"NormalTextRun SCXW101405453 BCX8\">\u00a0of per aangetekende post: CBKZ, Antwoordnummer 570, 4200 WB Gorinchem.\u00a0<\/span><span class=\"NormalTextRun SCXW101405453 BCX8\">Klachten kunnen digitaal worden ingediend met het\u00a0<\/span><\/span><a class=\"Hyperlink SCXW101405453 BCX8\" href=\"https:\/\/psynip.nl\/wp-content\/uploads\/2022\/12\/Klachtenformulier-NIP-regeling-1.docx\" target=\"_blank\" rel=\"noreferrer noopener\"><span class=\"TextRun Highlight Underlined SCXW101405453 BCX8\" lang=\"NL-NL\" xml:lang=\"NL-NL\" data-contrast=\"none\"><u>klachtenformulier<\/u><\/span><\/a>.<\/p>\n<p>De klacht moet gaan over het beroepsmatig handelen van de psycholoog. Klachten over het gedrag van de psycholoog in de priv\u00e9-sfeer en claims over financi\u00eble schade als gevolg van het handelen van de psycholoog komen niet in aanmerking voor behandeling. Als klachten gaan over de inhoud van psychologische rapporten, wordt alleen beoordeeld of het rapport aan de normale zorgvuldigheidseisen beantwoordt.\u00a0<\/p>\n<p>Kijk voor meer informatie op de website van het NIP:\u00a0<span style=\"text-decoration-line: underline;\"><a href=\"https:\/\/www.psynip.nl\/\">www.psynip.nl<\/a><\/span>\u00a0onder het menu kopje \u201cHet NIP\u201d volgend door het subkopje \u201cTuchtrecht en klachten\u201d en daar ziet u het subkopje\u00a0<span style=\"text-decoration-line: underline;\"><a href=\"https:\/\/www.psynip.nl\/uw-beroep\/tuchtrecht-en-klachten\/klachtprocedure\/\">\u201cKlachtprocedure\u201d<\/a><\/span>.<\/p>\n<h2 id=\"privacy\"><strong>Privacy<\/strong><\/h2>\n<p>Bescherming van privacy in de zorg is van groot belang. Psyconfidens gaat dan ook zorgvuldig om met de gegevens van pati\u00ebnten. Persoonlijke gegevens worden op zorgvuldige wijze behandeld en beveiligd. De medewerkers van Psyconfidens zijn verplicht om vertrouwelijk om te gaan met uw persoonsgegevens. Psyconfidens houdt zich in alle gevallen aan de wettelijke voorschriften die gelden ter bescherming van persoonsgegevens (Algemene Verordening Gegevensbescherming -AVG).<\/p>\n<p>Naast deze algemene privacywet gelden specifieke regels in de gezondheidszorg. Deze regels staan onder meer vermeld in de Wet Geneeskundige Behandelingsovereenkomst (WGBO). Voor meer informatie over uw rechten en plichten, verwijzen wij u graag naar onze\u00a0<a href=\"https:\/\/psyconfidens.nl\/resources\/Privacy-policy-psyconfidens.pdf\"><span style=\"text-decoration: underline;\">Privacy Policy<\/span><\/a>. Indien u meer informatie wenst, dan verwijzen wij nu naar de website van de Autoriteit Persoonsgegevens:\u00a0<span style=\"text-decoration: underline;\"><a href=\"https:\/\/www.autoriteitpersoonsgegevens.nl\/\">www.autoriteitpersoonsgegevens.nl<\/a><\/span><\/p>\n<\/div>\n<\/div>\n<\/div>\n<p><!-- \/wp:essential-blocks\/text --><!-- wp:details --><\/p>\n<details class=\"wp-block-details\">\n<summary>Drs. A. Kurt<\/summary>\n<p><!-- wp:essential-blocks\/text {\"blockId\":\"eb-text-jptmh\",\"blockMeta\":{\"desktop\":\".eb-text-wrapper.eb-text-jptmh{position:relative;text-align:left;margin-top:0px;margin-right:0px;margin-left:0px;margin-bottom:15px;transition:background 0.5s,border 0.5s,border-radius 0.5s,box-shadow 0.5s}.eb-text-wrapper.eb-text-jptmh:before{transition:background 0.5s,opacity 0.5s,filter 0.5s}.eb-text-wrapper.eb-text-jptmh .eb-text{text-align:left;color:var(\\u002d\\u002deb-global-text-color);column-rule-color:var(\\u002d\\u002deb-global-text-color);column-rule-style:default;column-count:1;column-gap:15px}\",\"tab\":\"\",\"mobile\":\"\"},\"text\":\"Registerpsycholoog\\u003cbr\\u003eGezondheidszorgpsycholoog\\u003cbr\\u003eEerstelijnspsycholoog\",\"commonStyles\":{\"desktop\":\".eb-parent-eb-text-jptmh{display:block}.root-eb-text-jptmh{position:relative}\",\"tab\":\".eb-parent-eb-text-jptmh{display:block}\",\"mobile\":\".eb-parent-eb-text-jptmh{display:block}\"}} --><\/p>\n<div class=\"wp-block-essential-blocks-text root-eb-text-jptmh\">\n<div class=\"eb-parent-wrapper eb-parent-eb-text-jptmh \">\n<div class=\"eb-text-wrapper eb-text-jptmh\" data-id=\"eb-text-jptmh\">\n<p class=\"eb-text\">Registerpsycholoog<br \/>Gezondheidszorgpsycholoog<br \/>Eerstelijnspsycholoog<\/p>\n<\/div>\n<\/div>\n<\/div>\n<p><!-- \/wp:essential-blocks\/text --><!-- wp:essential-blocks\/text {\"blockId\":\"eb-text-jvxng\",\"blockMeta\":{\"desktop\":\".eb-text-wrapper.eb-text-jvxng{position:relative;text-align:left;margin-top:0px;margin-right:0px;margin-left:0px;margin-bottom:15px;transition:background 0.5s,border 0.5s,border-radius 0.5s,box-shadow 0.5s}.eb-text-wrapper.eb-text-jvxng:before{transition:background 0.5s,opacity 0.5s,filter 0.5s}.eb-text-wrapper.eb-text-jvxng .eb-text{text-align:left;color:var(\\u002d\\u002deb-global-text-color);column-rule-color:var(\\u002d\\u002deb-global-text-color);column-rule-style:default;column-count:1;column-gap:15px}\",\"tab\":\"\",\"mobile\":\"\"},\"text\":\"BIG-registraties: 29910559225\\u003cbr\\u003eAGB-code praktijk: 94057157\\u003cbr\\u003eAGB-code persoonlijk: 94009339\",\"commonStyles\":{\"desktop\":\".eb-parent-eb-text-jvxng{display:block}.root-eb-text-jvxng{position:relative}\",\"tab\":\".eb-parent-eb-text-jvxng{display:block}\",\"mobile\":\".eb-parent-eb-text-jvxng{display:block}\"}} --><\/p>\n<div class=\"wp-block-essential-blocks-text root-eb-text-jvxng\">\n<div class=\"eb-parent-wrapper eb-parent-eb-text-jvxng \">\n<div class=\"eb-text-wrapper eb-text-jvxng\" data-id=\"eb-text-jvxng\">\n<p class=\"eb-text\">BIG-registraties: 29910559225<br \/>AGB-code praktijk: 94057157<br \/>AGB-code persoonlijk: 94009339<\/p>\n<\/div>\n<\/div>\n<\/div>\n<p><!-- \/wp:essential-blocks\/text --><!-- wp:essential-blocks\/text {\"blockId\":\"eb-text-6kwx8\",\"blockMeta\":{\"desktop\":\".eb-text-wrapper.eb-text-6kwx8{position:relative;text-align:left;margin-top:0px;margin-right:0px;margin-left:0px;margin-bottom:15px;transition:background 0.5s,border 0.5s,border-radius 0.5s,box-shadow 0.5s}.eb-text-wrapper.eb-text-6kwx8:before{transition:background 0.5s,opacity 0.5s,filter 0.5s}.eb-text-wrapper.eb-text-6kwx8 .eb-text{text-align:left;color:var(\\u002d\\u002deb-global-text-color);column-rule-color:var(\\u002d\\u002deb-global-text-color);column-rule-style:default;column-count:1;column-gap:15px}\",\"tab\":\"\",\"mobile\":\"\"},\"text\":\"Zwaardvegersgaarde 114\\u003cbr\\u003e2542 TH Den Haag\",\"commonStyles\":{\"desktop\":\".eb-parent-eb-text-6kwx8{display:block}.root-eb-text-6kwx8{position:relative}\",\"tab\":\".eb-parent-eb-text-6kwx8{display:block}\",\"mobile\":\".eb-parent-eb-text-6kwx8{display:block}\"}} --><\/p>\n<div class=\"wp-block-essential-blocks-text root-eb-text-6kwx8\">\n<div class=\"eb-parent-wrapper eb-parent-eb-text-6kwx8 \">\n<div class=\"eb-text-wrapper eb-text-6kwx8\" data-id=\"eb-text-6kwx8\">\n<p class=\"eb-text\">Zwaardvegersgaarde 114<br \/>2542 TH Den Haag<\/p>\n<\/div>\n<\/div>\n<\/div>\n<p><!-- \/wp:essential-blocks\/text --><!-- wp:essential-blocks\/text {\"blockId\":\"eb-text-wotz3\",\"blockMeta\":{\"desktop\":\".eb-text-wrapper.eb-text-wotz3{position:relative;text-align:left;margin-top:0px;margin-right:0px;margin-left:0px;margin-bottom:15px;transition:background 0.5s,border 0.5s,border-radius 0.5s,box-shadow 0.5s}.eb-text-wrapper.eb-text-wotz3:before{transition:background 0.5s,opacity 0.5s,filter 0.5s}.eb-text-wrapper.eb-text-wotz3 .eb-text{text-align:left;color:var(\\u002d\\u002deb-global-text-color);column-rule-color:var(\\u002d\\u002deb-global-text-color);column-rule-style:default;column-count:1;column-gap:15px}\",\"tab\":\"\",\"mobile\":\"\"},\"text\":\"Website:\u00a0\\u003ca href=\\u0022http:\/\/psyconfidens.nl\/www.psyconfidens.nl\\u0022\\u003ewww.psyconfidens.nl\\u003c\/a\\u003e\\u003cbr\\u003eE-mail:\u00a0\\u003ca href=\\u0022mailto:akurt@psyconfidens.nl\\u0022\\u003eakurt@psyconfidens.nl\\u003c\/a\\u003e\\u003cbr\\u003eTelefoon: 06-27087123\",\"commonStyles\":{\"desktop\":\".eb-parent-eb-text-wotz3{display:block}.root-eb-text-wotz3{position:relative}\",\"tab\":\".eb-parent-eb-text-wotz3{display:block}\",\"mobile\":\".eb-parent-eb-text-wotz3{display:block}\"}} --><\/p>\n<div class=\"wp-block-essential-blocks-text root-eb-text-wotz3\">\n<div class=\"eb-parent-wrapper eb-parent-eb-text-wotz3 \">\n<div class=\"eb-text-wrapper eb-text-wotz3\" data-id=\"eb-text-wotz3\">\n<p class=\"eb-text\">Website:\u00a0<a href=\"http:\/\/psyconfidens.nl\/www.psyconfidens.nl\">www.psyconfidens.nl<\/a><br \/>E-mail:\u00a0<a href=\"mailto:akurt@psyconfidens.nl\">akurt@psyconfidens.nl<\/a><br \/>Telefoon: 06-27087123<\/p>\n<\/div>\n<\/div>\n<\/div>\n<p><!-- \/wp:essential-blocks\/text --><\/p>\n<\/details>\n<p><!-- \/wp:details --><!-- wp:paragraph --><\/p>\n<p><!-- \/wp:paragraph --><!-- wp:paragraph --><\/p>\n<p><!-- \/wp:paragraph --><\/p>\t\t\t\t\t\t\t\t<\/div>\n\t\t\t\t<\/div>\n\t\t\t\t\t<\/div>\n\t\t\t\t<\/div>\n\t\t\t\t<\/div>\n\t\t","protected":false},"excerpt":{"rendered":"<p>Mijn Opleidingen Bachelor Psychologie\u00a0\u00a0\u00a0\u00a0\u00a0\u00a0\u00a0&#8211;\u00a0\u00a0\u00a0\u00a0\u00a0Katholieke Universiteit Brabant Master GZ psychologie\u00a0\u00a0\u00a0\u00a0&#8211;\u00a0\u00a0\u00a0\u00a0 RINO Group EMDR\u00a0 \u00a0 \u00a0 \u00a0 \u00a0 \u00a0 \u00a0 \u00a0 \u00a0 \u00a0 \u00a0 \u00a0 \u00a0 \u00a0 \u00a0 \u00a0 \u00a0 \u00a0&#8211;\u00a0\u00a0\u00a0\u00a0\u00a0ACT-EMDR Centrum Nederland Mijn Registraties Registerpsycholoog NIP Eerstelijnspsychologie NIP BIG-register Aangesloten bij Psyzorg Hoflanden Kwaliteitsstatuut Hier kunt u een kopie downloaden van het kwaliteitsstatuut. Download kwaliteitsstatuut Zorg [&hellip;]<\/p>\n","protected":false},"author":1,"featured_media":0,"parent":0,"menu_order":0,"comment_status":"closed","ping_status":"closed","template":"","meta":{"_eb_attr":"","footnotes":""},"class_list":["post-13","page","type-page","status-publish","hentry"],"jetpack_sharing_enabled":true,"_links":{"self":[{"href":"https:\/\/psyconfidens.nl\/index.php?rest_route=\/wp\/v2\/pages\/13","targetHints":{"allow":["GET"]}}],"collection":[{"href":"https:\/\/psyconfidens.nl\/index.php?rest_route=\/wp\/v2\/pages"}],"about":[{"href":"https:\/\/psyconfidens.nl\/index.php?rest_route=\/wp\/v2\/types\/page"}],"author":[{"embeddable":true,"href":"https:\/\/psyconfidens.nl\/index.php?rest_route=\/wp\/v2\/users\/1"}],"replies":[{"embeddable":true,"href":"https:\/\/psyconfidens.nl\/index.php?rest_route=%2Fwp%2Fv2%2Fcomments&post=13"}],"version-history":[{"count":42,"href":"https:\/\/psyconfidens.nl\/index.php?rest_route=\/wp\/v2\/pages\/13\/revisions"}],"predecessor-version":[{"id":178,"href":"https:\/\/psyconfidens.nl\/index.php?rest_route=\/wp\/v2\/pages\/13\/revisions\/178"}],"wp:attachment":[{"href":"https:\/\/psyconfidens.nl\/index.php?rest_route=%2Fwp%2Fv2%2Fmedia&parent=13"}],"curies":[{"name":"wp","href":"https:\/\/api.w.org\/{rel}","templated":true}]}}